
3, 73, 19717
What are the prime factors of 672505?
5, 19, 7079
What are the prime factors of 30804?
2, 3, 17, 151
What are the prime factors of 2130788?
2, 11, 79, 613
List the prime factors of 31090283.
7, 1327, 3347
List the prime factors of 393325.
5, 15733
What are the prime factors of 210269?
283, 743
What are the prime factors of 1694914?
2, 13, 19, 47, 73
List the prime factors of 2272213.
71, 32003
What are the prime factors of 2500909?
67, 163, 229
What are the prime factors of 195846?
2, 3, 7, 4663
What are the prime factors of 557445?
3, 5, 7, 5309
What are the prime factors of 112648?
2, 14081
List the prime factors of 151768.
2, 61, 311
List the prime factors of 307781.
19, 97, 167
What are the prime factors of 3772386?
2, 3, 69859
List the prime factors of 31512184.
2, 11, 19, 47, 401
List the prime factors of 9393177.
3, 23, 136133
What are the prime factors of 15515159?
11, 31, 173, 263
What are the prime factors of 2215373?
293, 7561
What are the prime factors of 4566277?
61, 74857
What are the prime factors of 638471?
163, 3917
List the prime factors of 141081.
3, 31, 37, 41
List the prime factors of 3312797.
137, 24181
What are the prime factors of 240550?
2, 5, 17, 283
What are the prime factors of 3113360?
2, 5, 38917
List the prime factors of 17886506.
2, 11, 813023
What are the prime factors of 84036?
2, 3, 47, 149
List the prime factors of 52428.
2, 3, 17, 257
What are the prime factors of 3126560?
2, 5, 19541
List the prime factors of 765609.
3, 13, 67, 293
List the prime factors of 811297.
811297
List the prime factors of 716882.
2, 358441
What are the prime factors of 131619?
3, 73, 601
List the prime factors of 226436.
2, 7, 8087
List the prime factors of 7331241.
3, 2443747
List the prime factors of 2390411.
2390411
List the prime factors of 515577.
3, 89, 1931
List the prime factors of 12227.
12227
List the prime factors of 305565.
3, 5, 13, 1567
What are the prime factors of 4404752?
2, 11, 29, 863
List the prime factors of 562067.
11, 37, 1381
What are the prime factors of 7154449?
23, 197, 1579
What are the prime factors of 1048515?
3, 5, 13, 19, 283
What are the prime factors of 13679830?
2, 5, 53, 487
What are the prime factors of 186692?
2, 11, 4243
What are the prime factors of 17391600?
2, 3, 5, 4831
List the prime factors of 1307083.
1307083
List the prime factors of 286044.
2, 3, 11, 197
What are the prime factors of 5743733?
5743733
What are the prime factors of 235279?
11, 73, 293
What are the prime factors of 44044?
2, 7, 11, 13
List the prime factors of 5104902.
2, 3, 11, 77347
What are the prime factors of 7230918?
2, 3, 29, 1433
What are the prime factors of 17214522?
2, 3, 13, 220699
What are the prime factors of 28584?
2, 3, 397
What are the prime factors of 2058029?
79, 109, 239
What are the prime factors of 867311?
727, 1193
What are the prime factors of 874499?
431, 2029
List the prime factors of 111092.
2, 27773
What are the prime factors of 8507625?
3, 5, 7, 463
What are the prime factors of 155010?
2, 3, 5, 5167
List the prime factors of 17347965.
3, 5, 97, 11923
What are the prime factors of 32061664?
2, 19, 52733
List the prime factors of 13752091.
23, 461, 1297
List the prime factors of 297318.
2, 3, 7, 7079
What are the prime factors of 442463?
7, 31, 2039
List the prime factors of 22019449.
59, 373211
What are the prime factors of 993671?
7, 2897
What are the prime factors of 1289325?
3, 5, 17191
List the prime factors of 246849.
3, 107, 769
What are the prime factors of 1777195?
5, 7, 50777
List the prime factors of 11155212.
2, 3, 103289
List the prime factors of 144737.
144737
What are the prime factors of 3147370?
2, 5, 29, 10853
List the prime factors of 729519.
3, 7, 34739
List the prime factors of 8388899.
19, 37, 11933
What are the prime factors of 4317570?
2, 3, 5, 15991
What are the prime factors of 4380946?
2, 2190473
List the prime factors of 94558.
2, 47279
List the prime factors of 890623.
89, 10007
What are the prime factors of 144853?
41, 3533
What are the prime factors of 4125429?
3, 7, 11, 5953
What are the prime factors of 6165?
3, 5, 137
What are the prime factors of 217104?
2, 3, 4523
What are the prime factors of 283499?
19, 43, 347
List the prime factors of 141194.
2, 227, 311
What are the prime factors of 206012?
2, 51503
List the prime factors of 398184.
2, 3, 47, 353
List the prime factors of 30246639.
3, 71, 211, 673
What are the prime factors of 669251?
11, 5531
What are the prime factors of 341330?
2, 5, 11, 29, 107
List the prime factors of 77903.
7, 31, 359
What are the prime factors of 18990652?
2, 19, 79, 3163
What are the prime factors of 28655274?
2, 3, 73, 65423
What are the prime factors of 3630095?
5, 7, 17, 6101
What are the prime factors of 2462545?
5, 157, 3137
What are the prime factors of 1330178?
2, 665089
What are the prime factors of 479290?
2, 5, 7, 41, 167
What are the prime factors of 455979?
3, 31, 4903
List the prime factors of 4208.
2, 263
List the prime factors of 7562.
2, 19, 199
What are the prime factors of 52679?
11, 4789
List the prime factors of 1534953.
3, 7, 19, 3847
What are the prime factors of 8442906?
2, 3, 1407151
List the prime factors of 3073370.
2, 5, 307337
List the prime factors of 163327.
163327
What are the prime factors of 27682930?
2, 5, 11, 251663
List the prime factors of 661813.
43, 15391
List the prime factors of 21563427.
3, 1231, 5839
List the prime factors of 1089442.
2, 544721
List the prime factors of 1777715.
5, 167, 2129
What are the prime factors of 79173?
3, 19, 463
What are the prime factors of 5946055?
5, 691, 1721
List the prime factors of 1034788.
2, 258697
List the prime factors of 1374954.
2, 3, 7, 19, 1723
What are the prime factors of 221941?
221941
What are the prime factors of 7302101?
7302101
List the prime factors of 174727.
7, 109, 229
What are the prime factors of 872004?
2, 3, 7, 1483
List the prime factors of 14124021.
3, 251, 18757
List the prime factors of 16023915.
3, 5, 97, 3671
List the prime factors of 14081378.
2, 31, 383, 593
What are the prime factors of 582536?
2, 72817
List the prime factors of 6893778.
2, 3, 1148963
What are the prime factors of 1464753?
3, 349, 1399
List the prime factors of 272757.
3, 23, 59, 67
List the prime factors of 38030.
2, 5, 3803
List the prime factors of 1081468.
2, 29, 9323
List the prime factors of 692078.
2, 346039
What are the prime factors of 72792?
2, 3, 337
What are the prime factors of 25873573?
11, 19, 43, 2879
What are the prime factors of 660827?
31, 21317
What are the prime factors of 1334651?
1334651
List the prime factors of 189107.
19, 37, 269
What are the prime factors of 3288116?
2, 13, 37, 1709
What are the prime factors of 1065301?
271, 3931
What are the prime factors of 741888?
2, 3, 7, 23
What are the prime factors of 148365?
3, 5, 7, 157
What are the prime factors of 88931?
113, 787
List the prime factors of 40912658.
2, 20456329
List the prime factors of 812281.
812281
List the prime factors of 76842.
2, 3, 1423
What are the prime factors of 142814?
2, 7, 101
List the prime factors of 767728.
2, 13, 3691
What are the prime factors of 1008238?
2, 7, 11, 6547
List the prime factors of 1826716.
2, 456679
List the prime factors of 1376595.
3, 5, 11, 103
List the prime factors of 31479.
3, 7, 1499
List the prime factors of 45595.
5, 11, 829
What are the prime factors of 17166725?
5, 686669
What are the prime factors of 540521?
61, 8861
List the prime factors of 1362040.
2, 5, 17, 2003
What are the prime factors of 94870?
2, 5, 53, 179
List the prime factors of 254116.
2, 17, 37, 101
What are the prime factors of 10966582?
2, 11, 29, 17189
List the prime factors of 612409.
7, 89, 983
What are the prime factors of 523558?
2, 7, 37397
List the prime factors of 4188251.
89, 47059
List the prime factors of 2788714.
2, 17, 82021
What are the prime factors of 5761564?
2, 1440391
List the prime factors of 21233.
17, 1249
What are the prime factors of 2573193?
3, 7, 122533
What are the prime factors of 208278?
2, 3, 7, 19, 29
List the prime factors of 1517964.
2, 3, 7, 17, 1063
What are the prime factors of 4909483?
4909483
List the prime factors of 7238475.
3, 5, 53, 607
What are the prime factors of 1299817?
1299817
List the p